{"id":668,"date":"2018-10-13T11:02:08","date_gmt":"2018-10-13T10:02:08","guid":{"rendered":"http:\/\/katstudio.eu\/?page_id=668"},"modified":"2018-10-13T11:02:08","modified_gmt":"2018-10-13T10:02:08","slug":"polityka-prywatnosci","status":"publish","type":"page","link":"https:\/\/katstudio.eu\/?page_id=668","title":{"rendered":"Polityka prywatno\u015bci"},"content":{"rendered":"<p style=\"text-align: center;\"><span style=\"font-size: 24px;\"><b>Informacja<\/b><\/span><\/p>\n<p style=\"text-align: center;\">o ochronie oraz przetwarzaniu danych osobowych\u00a0przez Pracowni\u0119 Tatua\u017cu Artystycznego Kattattoo Kamil Siwicki z siedzib\u0105 w Szczecinku (dalej \u201eAdministrator\u201d)<\/p>\n<p>&nbsp;<\/p>\n<p>&nbsp;<\/p>\n<p><strong>Szanowni Pa\u0144stwo,\u00a0<\/strong><\/p>\n<p>Od 25 maja 2018 roku w porz\u0105dku prawnym Polski oraz pa\u0144stw Unii Europejskiej obowi\u0105zuje Rozporz\u0105dzenie og\u00f3lne o ochronie danych osobowych (dalej \u201eRODO\u201d).<\/p>\n<p>W zwi\u0105zku z tym uprzejmie informujemy, \u017ce Pracownia Tatua\u017cu Artystycznego Kattattoo wyst\u0119puje w charakterze Administratora Pa\u0144stwa danych osobowych, przekazanych w celu realizacji zawartych z Administratorem um\u00f3w lub podj\u0119cia dzia\u0142a\u0144 na Pa\u0144stwa \u017c\u0105danie przed zawarciem umowy. Prezentujemy informacj\u0119 odnosz\u0105c\u0105 si\u0119 do Administratora danych oraz przetwarzania przez Administratora danych osobowych.<\/p>\n<p><b>Administrator danych:<\/b><\/p>\n<p>Administratorem Pa\u0144stwa danych osobowych jest Pracownia Tatua\u017cu Artystycznego Kattattoo Kamil Siwicki z siedzib\u0105 w Szczecinku, ul. Warcis\u0142awa IV 14, 78-400 Szczecinek, NIP: 6731758789, e-mail: kattattoo@wp.pl, tel. 604788828.<\/p>\n<ol>\n<li><b><\/b><b>Cele przetwarzania danych osobowych oraz podstawa prawna przetwarzania:<\/b><\/li>\n<\/ol>\n<ul>\n<li><span class=\"Apple-converted-space\">\u00a0 <\/span>Przetwarzanie Pa\u0144stwa danych osobowych odbywa\u0107 si\u0119 b\u0119dzie na podstawie art. 6 ust. 1 lit \u201eb\u201d RODO i w tym zakresie b\u0119dzie to nast\u0119powa\u0142o wy\u0142\u0105cznie w celu realizacji zawartej z Pa\u0144stwem umowy lub do podj\u0119cia dzia\u0142a\u0144 na Pa\u0144stwa \u017c\u0105danie przed zawarciem umowy (np. przedstawienie oferty).<\/li>\n<li>Ponadto przetwarzanie Pa\u0144stwa danych b\u0119dzie si\u0119 odbywa\u0107 na podstawie art. 6 ust. 1 lit \u201ec\u201d RODO tj. w celu wype\u0142nienia obowi\u0105zk\u00f3w prawnych ci\u0105\u017c\u0105cych na Administratorze, np. w zakresie rozlicze\u0144 z organami skarbowymi.<\/li>\n<li>Pa\u0144stwa dane przetwarzane b\u0119d\u0105 r\u00f3wnie\u017c na podstawie art. 6 ust. 1 lit. \u201ef\u2019 RODO tj. w celu i w zakresie niezb\u0119dnym do realizacji prawnie uzasadnionych interes\u00f3w Administratora \u2013 np. w celu umo\u017cliwienia bezpo\u015bredniego z\u0142o\u017cenia oferty, a wi\u0119c prowadzenia dzia\u0142a\u0144 o charakterze marketingu bezpo\u015bredniego. <span class=\"Apple-converted-space\">\u00a0 \u00a0 \u00a0 \u00a0 \u00a0 \u00a0 \u00a0 \u00a0 \u00a0 \u00a0 \u00a0 \u00a0 \u00a0 \u00a0 \u00a0 \u00a0 \u00a0 \u00a0 \u00a0<\/span><\/li>\n<\/ul>\n<ol start=\"2\">\n<li><b><\/b><b>Informacje o odbiorcach Pa\u0144stwa danych osobowych lub o kategoriach odbiorc\u00f3w:<\/b><\/li>\n<\/ol>\n<p>Wykonuj\u0105c dzia\u0142alno\u015b\u0107 gospodarcz\u0105, Administrator przekazuje dane osobowe taki podmiotom jak:<\/p>\n<ul>\n<li>pracownicy i osoby zatrudnione na innej podstawie prawnej (np. umowa o dzie\u0142o, umowa zlecenia) \u2013 podwykonawcy, o ile wyra\u017c\u0105 Pa\u0144stwo na to zgod\u0119,<\/li>\n<li>podmioty \u015bwiadcz\u0105ce us\u0142ugi zarz\u0105dzania systemem teleinformatycznym<\/li>\n<li>banki, biura rachunkowe, kancelarie prawne,<\/li>\n<li>organy pa\u0144stwowe (np. Urz\u0119dy Skarbowe)<\/li>\n<\/ul>\n<p>Zebrane dane osobowe nie b\u0119d\u0105 przekazywane do pa\u0144stwa trzeciego.<\/p>\n<ol start=\"3\">\n<li><b><\/b><b>Okres przez kt\u00f3ry dane osobowe b\u0119d\u0105 przechowywane.<\/b><\/li>\n<\/ol>\n<p>Zebrane dane osobowe b\u0119d\u0105 przechowywane przez okres przedawnienia roszcze\u0144 cywilnoprawnych przewidziany w Kodeksie cywilnym, nie mniej jednak ni\u017c przez okres wskazany na podstawie innych obowi\u0105zuj\u0105cych przepis\u00f3w np. minimalny okres przechowywania dokumentacji rozliczeniowej i maj\u0105cej znaczenie dla rozlicze\u0144 podatkowych.<\/p>\n<ol start=\"4\">\n<li><b><\/b><b>Osoba fizyczna, kt\u00f3ra przekazuje Administratorowi<span class=\"Apple-converted-space\">\u00a0 \u00a0 \u00a0 \u00a0 \u00a0 <\/span>dane posiada prawo:<\/b><\/li>\n<\/ol>\n<ul>\n<li>\u017c\u0105dania od Administratora dost\u0119pu do danych osobowych dotycz\u0105cych danej osoby<\/li>\n<li>\u017c\u0105dania sprostowania, usuni\u0119cia lub ograniczenia przetwarzania danych osobowych<\/li>\n<li>wniesienia sprzeciwu wobec przetwarzania, a tak\u017ce prawo do przenoszenia danych<\/li>\n<li>wycofania zgody, co jednak nie wp\u0142ywa na zgodno\u015b\u0107 z prawem przetwarzania danych sprzed wycofania zgody.<\/li>\n<\/ul>\n<ol start=\"5\">\n<li><b>Ka\u017cda osoba fizyczna, kt\u00f3ra przekazuje dane Administratorowi posiada prawo<\/b> wniesienia skargi do organu nadzorczego, na zasadach okre\u015blonych w RODO, tj. do Prezesa Urz\u0119du Ochrony Danych Osobowych.<\/li>\n<\/ol>\n<ol start=\"6\">\n<li><b>Dane osobowe podawane s\u0105 w celu realizacji umowy,<\/b> w zwi\u0105zku z czym podanie danych osobowych jest umownym warunkiem jej zawarcia. Osoba, kt\u00f3rej dane dotycz\u0105 nie jest zobowi\u0105zana do ich podania, jednak\u017ce niepodanie danych uniemo\u017cliwi zawarcie i realizacj\u0119 umowy.<\/li>\n<\/ol>\n<p>W zakresie niezb\u0119dnym do realizacji obowi\u0105zk\u00f3w prawnych Administratora (np. prowadzenie rozlicze\u0144 podatkowych) podanie danych jest wymogiem ustawowym, zatem ich niepodanie mo\u017ce ponadto uniemo\u017cliwi\u0107 Administratorowi realizowanie jego obowi\u0105zk\u00f3w prawnych.<\/p>\n<ol start=\"7\">\n<li><b><\/b><b>Informacja o zautomatyzowanym podejmowaniu decyzji, w tym o profilowaniu.<\/b><\/li>\n<\/ol>\n<ul>\n<li>Pa\u0144stwa dane osobowe nie b\u0119d\u0105 przetwarzane w spos\u00f3b zautomatyzowany i nie b\u0119d\u0105 profilowane.<\/li>\n<\/ul>\n","protected":false},"excerpt":{"rendered":"<p>Informacja o ochronie oraz przetwarzaniu danych osobowych\u00a0przez Pracowni\u0119 Tatua\u017cu Artystycznego Kattattoo Kamil Siwicki z siedzib\u0105 w Szczecinku (dalej \u201eAdministrator\u201d) &nbsp; &nbsp; Szanowni Pa\u0144stwo,\u00a0 Od 25 maja 2018 roku w porz\u0105dku prawnym Polski oraz pa\u0144stw Unii Europejskiej obowi\u0105zuje Rozporz\u0105dzenie og\u00f3lne o ochronie danych osobowych (dalej \u201eRODO\u201d). W zwi\u0105zku z tym uprzejmie informujemy, \u017ce Pracownia Tatua\u017cu Artystycznego [&hellip;]<\/p>\n","protected":false},"author":1,"featured_media":0,"parent":0,"menu_order":0,"comment_status":"closed","ping_status":"closed","template":"","meta":{"content-type":"","ocean_post_layout":"","ocean_both_sidebars_style":"","ocean_both_sidebars_content_width":0,"ocean_both_sidebars_sidebars_width":0,"ocean_sidebar":"","ocean_second_sidebar":"","ocean_disable_margins":"enable","ocean_add_body_class":"","ocean_shortcode_before_top_bar":"","ocean_shortcode_after_top_bar":"","ocean_shortcode_before_header":"","ocean_shortcode_after_header":"","ocean_has_shortcode":"","ocean_shortcode_after_title":"","ocean_shortcode_before_footer_widgets":"","ocean_shortcode_after_footer_widgets":"","ocean_shortcode_before_footer_bottom":"","ocean_shortcode_after_footer_bottom":"","ocean_display_top_bar":"default","ocean_display_header":"default","ocean_header_style":"","ocean_center_header_left_menu":"","ocean_custom_header_template":"","ocean_custom_logo":0,"ocean_custom_retina_logo":0,"ocean_custom_logo_max_width":0,"ocean_custom_logo_tablet_max_width":0,"ocean_custom_logo_mobile_max_width":0,"ocean_custom_logo_max_height":0,"ocean_custom_logo_tablet_max_height":0,"ocean_custom_logo_mobile_max_height":0,"ocean_header_custom_menu":"","ocean_menu_typo_font_family":"","ocean_menu_typo_font_subset":"","ocean_menu_typo_font_size":0,"ocean_menu_typo_font_size_tablet":0,"ocean_menu_typo_font_size_mobile":0,"ocean_menu_typo_font_size_unit":"px","ocean_menu_typo_font_weight":"","ocean_menu_typo_font_weight_tablet":"","ocean_menu_typo_font_weight_mobile":"","ocean_menu_typo_transform":"","ocean_menu_typo_transform_tablet":"","ocean_menu_typo_transform_mobile":"","ocean_menu_typo_line_height":0,"ocean_menu_typo_line_height_tablet":0,"ocean_menu_typo_line_height_mobile":0,"ocean_menu_typo_line_height_unit":"","ocean_menu_typo_spacing":0,"ocean_menu_typo_spacing_tablet":0,"ocean_menu_typo_spacing_mobile":0,"ocean_menu_typo_spacing_unit":"","ocean_menu_link_color":"","ocean_menu_link_color_hover":"","ocean_menu_link_color_active":"","ocean_menu_link_background":"","ocean_menu_link_hover_background":"","ocean_menu_link_active_background":"","ocean_menu_social_links_bg":"","ocean_menu_social_hover_links_bg":"","ocean_menu_social_links_color":"","ocean_menu_social_hover_links_color":"","ocean_disable_title":"default","ocean_disable_heading":"default","ocean_post_title":"","ocean_post_subheading":"","ocean_post_title_style":"","ocean_post_title_background_color":"","ocean_post_title_background":0,"ocean_post_title_bg_image_position":"","ocean_post_title_bg_image_attachment":"","ocean_post_title_bg_image_repeat":"","ocean_post_title_bg_image_size":"","ocean_post_title_height":0,"ocean_post_title_bg_overlay":0.5,"ocean_post_title_bg_overlay_color":"","ocean_disable_breadcrumbs":"default","ocean_breadcrumbs_color":"","ocean_breadcrumbs_separator_color":"","ocean_breadcrumbs_links_color":"","ocean_breadcrumbs_links_hover_color":"","ocean_display_footer_widgets":"default","ocean_display_footer_bottom":"default","ocean_custom_footer_template":"","omw_enable_modal_window":"enable","ofc_meta_disable_footer_callout":"","ofc_meta_callout_button_url":"","ofc_meta_callout_button_txt":"","ofc_meta_callout_text":"","ofc_enable_fullscreen":"disable","ofc_fullscreen_speed":0,"ofc_fullscreen_nav":"enable","ofc_fullscreen_nav_pos":"right","ofc_fullscreen_nav_color":"","ofc_fullscreen_nav_tooltip_color":"","ofc_fullscreen_responsive":0,"osp_disable_panel":"default","osh_disable_topbar_sticky":"default","osh_disable_header_sticky":"default","osh_sticky_header_style":"default","osh_sticky_header_effect":"","osh_custom_sticky_logo":0,"osh_custom_retina_sticky_logo":0,"osh_custom_sticky_logo_height":0,"osh_background_color":"","osh_links_color":"","osh_links_hover_color":"","osh_links_active_color":"","osh_links_bg_color":"","osh_links_hover_bg_color":"","osh_links_active_bg_color":"","osh_menu_social_links_color":"","osh_menu_social_hover_links_color":"","footnotes":""},"class_list":["post-668","page","type-page","status-publish","hentry","entry"],"aioseo_notices":[],"_links":{"self":[{"href":"https:\/\/katstudio.eu\/index.php?rest_route=\/wp\/v2\/pages\/668","targetHints":{"allow":["GET"]}}],"collection":[{"href":"https:\/\/katstudio.eu\/index.php?rest_route=\/wp\/v2\/pages"}],"about":[{"href":"https:\/\/katstudio.eu\/index.php?rest_route=\/wp\/v2\/types\/page"}],"author":[{"embeddable":true,"href":"https:\/\/katstudio.eu\/index.php?rest_route=\/wp\/v2\/users\/1"}],"replies":[{"embeddable":true,"href":"https:\/\/katstudio.eu\/index.php?rest_route=%2Fwp%2Fv2%2Fcomments&post=668"}],"version-history":[{"count":1,"href":"https:\/\/katstudio.eu\/index.php?rest_route=\/wp\/v2\/pages\/668\/revisions"}],"predecessor-version":[{"id":670,"href":"https:\/\/katstudio.eu\/index.php?rest_route=\/wp\/v2\/pages\/668\/revisions\/670"}],"wp:attachment":[{"href":"https:\/\/katstudio.eu\/index.php?rest_route=%2Fwp%2Fv2%2Fmedia&parent=668"}],"curies":[{"name":"wp","href":"https:\/\/api.w.org\/{rel}","templated":true}]}}

Polityka prywatności

<p style="text-align: center;"><span style="font-size: 24px;"><b>Informacja</b></span></p>
<p style="text-align: center;">o ochronie oraz przetwarzaniu danych osobowych przez Pracownię Tatuażu Artystycznego Kattattoo Kamil Siwicki z siedzibą w Szczecinku (dalej „Administrator”)</p>
<p>&nbsp;</p>
<p>&nbsp;</p>
<p><strong>Szanowni Państwo, </strong></p>
<p>Od 25 maja 2018 roku w porządku prawnym Polski oraz państw Unii Europejskiej obowiązuje Rozporządzenie ogólne o ochronie danych osobowych (dalej „RODO”).</p>
<p>W związku z tym uprzejmie informujemy, że Pracownia Tatuażu Artystycznego Kattattoo występuje w charakterze Administratora Państwa danych osobowych, przekazanych w celu realizacji zawartych z Administratorem umów lub podjęcia działań na Państwa żądanie przed zawarciem umowy. Prezentujemy informację odnoszącą się do Administratora danych oraz przetwarzania przez Administratora danych osobowych.</p>
<p><b>Administrator danych:</b></p>
<p>Administratorem Państwa danych osobowych jest Pracownia Tatuażu Artystycznego Kattattoo Kamil Siwicki z siedzibą w Szczecinku, ul. Warcisława IV 14, 78-400 Szczecinek, NIP: 6731758789, e-mail: kattattoo@wp.pl, tel. 604788828.</p>
<ol>
<li><b></b><b>Cele przetwarzania danych osobowych oraz podstawa prawna przetwarzania:</b></li>
</ol>
<ul>
<li><span class="Apple-converted-space">  </span>Przetwarzanie Państwa danych osobowych odbywać się będzie na podstawie art. 6 ust. 1 lit „b” RODO i w tym zakresie będzie to następowało wyłącznie w celu realizacji zawartej z Państwem umowy lub do podjęcia działań na Państwa żądanie przed zawarciem umowy (np. przedstawienie oferty).</li>
<li>Ponadto przetwarzanie Państwa danych będzie się odbywać na podstawie art. 6 ust. 1 lit „c” RODO tj. w celu wypełnienia obowiązków prawnych ciążących na Administratorze, np. w zakresie rozliczeń z organami skarbowymi.</li>
<li>Państwa dane przetwarzane będą również na podstawie art. 6 ust. 1 lit. „f’ RODO tj. w celu i w zakresie niezbędnym do realizacji prawnie uzasadnionych interesów Administratora – np. w celu umożliwienia bezpośredniego złożenia oferty, a więc prowadzenia działań o charakterze marketingu bezpośredniego. <span class="Apple-converted-space">                                     </span></li>
</ul>
<ol start="2">
<li><b></b><b>Informacje o odbiorcach Państwa danych osobowych lub o kategoriach odbiorców:</b></li>
</ol>
<p>Wykonując działalność gospodarczą, Administrator przekazuje dane osobowe taki podmiotom jak:</p>
<ul>
<li>pracownicy i osoby zatrudnione na innej podstawie prawnej (np. umowa o dzieło, umowa zlecenia) – podwykonawcy, o ile wyrażą Państwo na to zgodę,</li>
<li>podmioty świadczące usługi zarządzania systemem teleinformatycznym</li>
<li>banki, biura rachunkowe, kancelarie prawne,</li>
<li>organy państwowe (np. Urzędy Skarbowe)</li>
</ul>
<p>Zebrane dane osobowe nie będą przekazywane do państwa trzeciego.</p>
<ol start="3">
<li><b></b><b>Okres przez który dane osobowe będą przechowywane.</b></li>
</ol>
<p>Zebrane dane osobowe będą przechowywane przez okres przedawnienia roszczeń cywilnoprawnych przewidziany w Kodeksie cywilnym, nie mniej jednak niż przez okres wskazany na podstawie innych obowiązujących przepisów np. minimalny okres przechowywania dokumentacji rozliczeniowej i mającej znaczenie dla rozliczeń podatkowych.</p>
<ol start="4">
<li><b></b><b>Osoba fizyczna, która przekazuje Administratorowi<span class="Apple-converted-space">          </span>dane posiada prawo:</b></li>
</ol>
<ul>
<li>żądania od Administratora dostępu do danych osobowych dotyczących danej osoby</li>
<li>żądania sprostowania, usunięcia lub ograniczenia przetwarzania danych osobowych</li>
<li>wniesienia sprzeciwu wobec przetwarzania, a także prawo do przenoszenia danych</li>
<li>wycofania zgody, co jednak nie wpływa na zgodność z prawem przetwarzania danych sprzed wycofania zgody.</li>
</ul>
<ol start="5">
<li><b>Każda osoba fizyczna, która przekazuje dane Administratorowi posiada prawo</b> wniesienia skargi do organu nadzorczego, na zasadach określonych w RODO, tj. do Prezesa Urzędu Ochrony Danych Osobowych.</li>
</ol>
<ol start="6">
<li><b>Dane osobowe podawane są w celu realizacji umowy,</b> w związku z czym podanie danych osobowych jest umownym warunkiem jej zawarcia. Osoba, której dane dotyczą nie jest zobowiązana do ich podania, jednakże niepodanie danych uniemożliwi zawarcie i realizację umowy.</li>
</ol>
<p>W zakresie niezbędnym do realizacji obowiązków prawnych Administratora (np. prowadzenie rozliczeń podatkowych) podanie danych jest wymogiem ustawowym, zatem ich niepodanie może ponadto uniemożliwić Administratorowi realizowanie jego obowiązków prawnych.</p>
<ol start="7">
<li><b></b><b>Informacja o zautomatyzowanym podejmowaniu decyzji, w tym o profilowaniu.</b></li>
</ol>
<ul>
<li>Państwa dane osobowe nie będą przetwarzane w sposób zautomatyzowany i nie będą profilowane.</li>
</ul>

<p>Informacja o ochronie oraz przetwarzaniu danych osobowych przez Pracownię Tatuażu Artystycznego Kattattoo Kamil Siwicki z siedzibą w Szczecinku (dalej „Administrator”) &nbsp; &nbsp; Szanowni Państwo,  Od 25 maja 2018 roku w porządku prawnym Polski oraz państw Unii Europejskiej obowiązuje Rozporządzenie ogólne o ochronie danych osobowych (dalej „RODO”). W związku z tym uprzejmie informujemy, że Pracownia Tatuażu Artystycznego [&hellip;]</p>
